emainder when 421 is divided by 48?
37
Calculate the remainder when 6909 is divided by 6889.
20
Calculate the remainder when 3200 is divided by 78.
2
What is the remainder when 50679 is divided by 327?
321
Calculate the remainder when 495 is divided by 137.
84
Calculate the remainder when 2815 is divided by 699.
19
Calculate the remainder when 29752 is divided by 14854.
44
Calculate the remainder when 6115 is divided by 148.
47
What is the remainder when 2205 is divided by 183?
9
Calculate the remainder when 11725 is divided by 990.
835
What is the remainder when 7864 is divided by 1966?
0
What is the remainder when 432233 is divided by 222?
221
Calculate the remainder when 43716 is divided by 21.
15
What is the remainder when 344 is divided by 288?
56
Calculate the remainder when 756143 is divided by 16.
15
What is the remainder when 5438 is divided by 247?
4
What is the remainder when 750549 is divided by 83392?
21
Calculate the remainder when 54048 is divided by 54.
48
Calculate the remainder when 4698 is divided by 2300.
98
What is the remainder when 145230 is divided by 3630?
30
What is the remainder when 5761799 is divided by 660?
659
Calculate the remainder when 1716 is divided by 830.
56
What is the remainder when 28519 is divided by 28504?
15
What is the remainder when 11098 is divided by 160?
58
What is the remainder when 36674 is divided by 289?
260
What is the remainder when 1402 is divided by 48?
10
What is the remainder when 212975 is divided by 29?
28
What is the remainder when 5719 is divided by 76?
19
Calculate the remainder when 13968 is divided by 204.
96
What is the remainder when 133643 is divided by 4176?
11
What is the remainder when 61538 is divided by 13?
9
Calculate the remainder when 234728 is divided by 3.
2
Calculate the remainder when 12728 is divided by 53.
8
Calculate the remainder when 73105 is divided by 373.
370
What is the remainder when 6188 is divided by 465?
143
Calculate the remainder when 6436 is divided by 17.
10
Calculate the remainder when 66549 is divided by 646.
11
Calculate the remainder when 5719 is divided by 387.
301
What is the remainder when 655063 is divided by 988?
19
What is the remainder when 45574 is divided by 15186?
16
Calculate the remainder when 15942 is divided by 7771.
400
Calculate the remainder when 11736 is divided by 722.
184
Calculate the remainder when 2250 is divided by 28.
10
What is the remainder when 10983 is divided by 44?
27
What is the remainder when 461282 is divided by 596?
574
Calculate the remainder when 224751 is divided by 22.
21
Calculate the remainder when 162540 is divided by 1091.
1072
Calculate the remainder when 720 is divided by 349.
22
Calculate the remainder when 2423 is divided by 463.
108
Calculate the remainder when 20197 is divided by 4.
1
What is the remainder when 5849 is divided by 66?
41
Calculate the remainder when 15387 is divided by 22.
9
Calculate the remainder when 1751 is divided by 549.
104
What is the remainder when 15479 is divided by 859?
17
Calculate the remainder when 46370 is divided by 725.
695
What is the remainder when 67747 is divided by 22582?
1
What is the remainder when 4669 is divided by 237?
166
What is the remainder when 44248 is divided by 4914?
22
What is the remainder when 1512 is divided by 12?
0
What is the remainder when 59274 is divided by 16?
10
Calculate the remainder when 5228 is divided by 579.
17
Calculate the remainder when 81577 is divided by 14.
13
Calculate the remainder when 167647 is divided by 1180.
87
Calculate the remainder when 11428 is divided by 40.
28
Calculate the remainder when 38117 is divided by 438.
11
Calculate the remainder when 4681 is divided by 331.
47
What is the remainder when 1108 is divided by 132?
52
Calculate the remainder when 72598 is divided by 109.
4
What is the remainder when 6166 is divided by 1112?
606
What is the remainder when 52716 is divided by 1817?
23
Calculate the remainder when 361440 is divided by 571.
568
Calculate the remainder when 5093 is divided by 4898.
195
Calculate the remainder when 4905 is divided by 2307.
291
What is the remainder when 1219 is divided by 220?
119
What is the remainder when 56510 is divided by 55?
25
Calculate the remainder when 1644 is divided by 52.
32
Calculate the remainder when 37140 is divided by 826.
796
What is the remainder when 816 is divided by 116?
4
What is the remainder when 1371 is divided by 1322?
49
Calculate the remainder when 149123 is divided by 16569.
2
Calculate the remainder when 2785 is divided by 1258.
269
What is the remainder when 306341 is divided by 257?
254
What is the remainder when 77762 is divided by 161?
160
What is the remainder when 11276 is divided by 3751?
23
Calculate the remainder when 6979 is divided by 127.
121
What is the remainder when 1388 is divided by 10?
8
What is the remainder when 6408 is divided by 25?
8
Calculate the remainder when 136 is divided by 17.
0
Calculate the remainder when 2233 is divided by 737.
22
What is the remainder when 4079 is divided by 4060?
19
What is the remainder when 72711 is divided by 80?
71
Calculate the remainder when 5769 is divided by 51.
6
What is the remainder when 8168 is divided by 47?
37
Calculate the remainder when 2944 is divided by 712.
96
What is the remainder when 64768 is divided by 110?
88
Calculate the remainder when 38175 is divided by 7422.
1065
Calculate the remainder when 1412 is divided by 362.
326
What is the remainder when 5752 is divided by 5?
2
Calculate the remainder when 2440 is divided by 49.
39
Calculate the remainder when 76800 is divided by 143.
9
Calculate the remainder when 237 is divided by 73.
18
Calculate the remainder when 17314 is divided by 273.
115
What is the remainder when 47375 is divided by 28?
27
What is the remainder when 5043 is divided by 5036?
7
What is the remainder when 9101 is divided by 198?
191
What is the remainder when 230 is divided by 19?
2
What is the remainder when 2444 is divided by 961?
522
Calculate the remainder when 143254 is divided by 63.
55
What is the remainder when 62630 is divided by 6957?
17
What is the remainder when 38409 is divided by 334?
333
Calculate the remainder when 10780 is divided by 3028.
1696
Calculate the remainder when 1999311 is divided by 18.
15
Calculate the remainder when 18241 is divided by 5.
1
Calculate the remainder when 11153 is divided by 266.
247
Calculate the remainder when 3522 is divided by 92.
26
Calculate the remainder when 4842 is divided by 342.
54
What is the remainder when 174426 is divided by 2956?
22
What is the remainder when 156113 is divided by 147?
146
Calculate the remainder when 113672 is divided by 116.
108
What is the remainder when 7522 is divided by 756?
718
What is the remainder when 447363 is divided by 3?
0
Calculate the remainder when 1187 is divided by 501.
185
What is the remainder when 43929 is divided by 42?
39
What is the remainder when 47965 is divided by 18?
13
What is the remainder when 20104 is divided by 1827?
7
Calculate the remainder when 2167 is divided by 1013.
141
What is the remainder when 72319 is divided by 57?
43
Calculate the remainder when 3036 is divided by 1247.
542
Calculate the remainder when 486745 is divided by 424.
417
What is the remainder when 3383 is divided by 556?
47
Calculate the remainder when 8187 is divided by 52.
23
Calculate the remainder when 485 is divided by 306.
179
Calculate the remainder when 852573 is divided by 509.
507
Calculate the remainder when 51905 is divided by 1922.
11
What is the remainder when 16576 is divided by 5440?
256
What is the remainder when 1094 is divided by 163?
116
Calculate the remainder when 23154 is divided by 28.
26
Calculate the remainder when 28708 is divided by 302.
18
Calculate the remainder when 5522 is divided by 888.
194
What is the remainder when 187092 is divided by 18708?
12
Calculate the remainder when 17316 is divided by 315.
306
Calculate the remainder when 465 is divided by 373.
92
What is the remainder when 22684 is divided by 287?
11
Calculate the remainder when 1678 is divided by 5.
3
What is the remainder when 4276 is divided by 609?
13
Calculate the remainder when 6533 is divided by 108.
53
Calculate the remainder when 12598 is divided by 24.
22
Wh